{"id":239,"date":"2011-08-24T03:21:12","date_gmt":"2011-08-24T03:21:12","guid":{"rendered":"https:\/\/www.atrapasuenos.cl\/?page_id=239"},"modified":"2021-12-01T12:02:14","modified_gmt":"2021-12-01T12:02:14","slug":"biografia","status":"publish","type":"page","link":"https:\/\/qa.atrapasuenos.cl\/?page_id=239","title":{"rendered":"Biograf\u00eda"},"content":{"rendered":"\n<h2 class=\"wp-block-heading\"><span style=\"color: #ff99cc;\"><strong>Semblanza de un M\u00e9dico Psiquiatra Solidario<\/strong><\/span><\/h2>\n\n\n\n<p><span style=\"color: #333333;\">Nuestro querido maestro e inspirador, el Dr. Mario Vidal Climent, naci\u00f3 en Santiago el 6 de enero de 1927, hijo de padres catalanes, \u00f1u\u00f1o\u00edno de por vida, es el tercero de cuatro hermanos.<\/span><\/p>\n\n\n\n<p><span style=\"color: #333333;\">Realiza todos sus estudios preuniversitarios en el Instituto Ingl\u00e9s, colegio que en los a\u00f1os de secundaria desarrollaba un plan docente experimental (Plan Dalton), reemplazando las clases presenciales por controles de lecturas.<\/span><\/p>\n\n\n\n<p><span style=\"color: #333333;\">Aficionado del f\u00fatbol, jug\u00f3 en la serie juvenil del Club de la Universidad de Chile y luego en el equipo de la Escuela de Medicina.<\/span><\/p>\n\n\n\n<p><span style=\"color: #333333;\">Estudi\u00f3 Medicina en la Universidad de Chile, y se cas\u00f3 en el a\u00f1o 1955 con una alumna del segundo a\u00f1o de medicina, Fanny Pollarolo, su compa\u00f1era de toda la vida, con la cual tuvo tres hijos que le han dado seis nietos y un bisnieto.<\/span><\/p>\n\n\n\n<p><span style=\"color: #333333;\">Sus hobbies han sido la lectura (su vicio secreto) y la vida al aire libre. Con Fanny y otras parejas de m\u00e9dicos fueron pioneros del camping de verano, recorriendo muchas playas del norte y lagos del sur cuando a\u00fan no hab\u00eda campamentos instalados.<\/span><\/p>\n\n\n\n<div class=\"wp-block-image is-style-default\"><figure class=\"aligncenter size-full is-resized\"><a href=\"http:\/\/www.atrapasuenos.cl\/wp-content\/uploads\/2021\/12\/MARIO-VIDAL-1.jpg\"><img loading=\"lazy\" decoding=\"async\" src=\"http:\/\/www.atrapasuenos.cl\/wp-content\/uploads\/2021\/12\/MARIO-VIDAL-1.jpg\" alt=\"\" class=\"wp-image-1931\" width=\"505\" height=\"338\" srcset=\"https:\/\/qa.atrapasuenos.cl\/wp-content\/uploads\/2021\/12\/MARIO-VIDAL-1.jpg 669w, https:\/\/qa.atrapasuenos.cl\/wp-content\/uploads\/2021\/12\/MARIO-VIDAL-1-350x234.jpg 350w, https:\/\/qa.atrapasuenos.cl\/wp-content\/uploads\/2021\/12\/MARIO-VIDAL-1-300x201.jpg 300w\" sizes=\"auto, (max-width: 505px) 100vw, 505px\" \/><\/a><\/figure><\/div>\n\n\n\n<p><span style=\"color: #333333;\">Siempre integrado a la izquierda pol\u00edtica, particip\u00f3 activamente en las cuatro campa\u00f1as presidenciales de Salvador Allende.<\/span><\/p>\n\n\n\n<p><span style=\"color: #333333;\">Inici\u00f3 su experiencia en el campo de la psiquiatr\u00eda durante su carrera de medicina, en las vacaciones de 5\u00b0 a 6\u00b0 a\u00f1o trabaj\u00f3 ad-honorem Casa de Orates (hoy Hospital Psiqui\u00e1trico). Se recibi\u00f3 de m\u00e9dico en un a\u00f1o significativo: 1952, a\u00f1o de la creaci\u00f3n de Estatuto M\u00e9dico Funcionario, del Servicio Nacional de Salud y de la aparici\u00f3n de la Clorpromazina, f\u00e1rmaco que inaugur\u00f3 una nueva etapa en la historia de la psiquiatr\u00eda.<\/span><\/p>\n\n\n\n<p><span style=\"color: #333333;\">Durante 1952 &#8211; 1955 realiza beca de especializaci\u00f3n en el Servicio del Dr. Octavio Peralta, en el Hospital Psiqui\u00e1trico. En el a\u00f1o 1958 comienza su carrera docente en la C\u00e1tedra Extraordinaria de Psiquiatr\u00eda &#8211; Profesor A. Roa &#8211; de la Universidad de Chile. En el a\u00f1o 1965, siendo Jefe de Cl\u00ednica, deja la c\u00e1tedra y empieza a incursionar en la Psiquiatr\u00eda Social.<\/span><\/p>\n\n\n\n<p><span style=\"color: #333333;\">En el curso de la Reforma Universitaria (1967) participa en la creaci\u00f3n de la nueva Escuela de Medicina de la Universidad de Chile (\u00c1rea Central de Santiago), con el Profesor Francisco Rojas Villegas como Decano. Al a\u00f1o siguiente asume la direcci\u00f3n de las c\u00e1tedras de Psicopatolog\u00eda y Psiquiatr\u00eda Cl\u00ednica; dentro de la orientaci\u00f3n de la nueva Escuela, parte de la docencia se realiza en los consultorios perif\u00e9ricos del \u00c1rea Central.<\/span><\/p>\n\n\n\n<p><span style=\"color: #333333;\">Durante el gobierno de la Unidad Popular el Profesor Vidal implant\u00f3 una red de ocho centros intracomunitarios de prevenci\u00f3n y tratamiento del alcoholismo, atendidos por estudiantes de Medicina de 5\u00b0 y 6\u00b0 a\u00f1o en horario vespertino.<\/span><\/p>\n\n\n\n<p><span style=\"color: #333333;\">Posteriormente, exonerado por razones pol\u00edticas de su cargo docente en la Universidad de Chile, no se le permiti\u00f3 retomar su cargo titular en el Hospital Psiqui\u00e1trico. En Enero de 1974 emigra con su familia a Buenos Aires, donde permanece dos a\u00f1os. Durante esa estad\u00eda asesora a la Unidad de Alcoholismo de la Universidad de Avellaneda, y dicta cursos sobre el mismo tema en algunas provincias del norte de Argentina.<\/span><\/p>\n\n\n\n<p><span style=\"color: #333333;\">Regresa a Chile en Noviembre de 1975. En Santiago, junto con trabajar en su consulta privada, atiende pacientes enviados por la Vicar\u00eda de la Solidaridad. Trabaja ad honorem en la en ONG FASIC (Fundaci\u00f3n de Ayuda Social de Iglesias Cristianas) organizando y dirigiendo un programa intracomunitario de alcoholismo (Poblaci\u00f3n Jaime Eizaguirre).<\/span><\/p>\n\n\n\n<p><span style=\"color: #333333;\">Asume la direcci\u00f3n de CINTRAS (ONG del \u00e1rea de Salud Mental y Derechos Humanos) en 1988. Dirige la revista Reflexi\u00f3n, publicaci\u00f3n trimestral de la instituci\u00f3n pensada como tribuna abierta a una mirada pluralista sobre las violaciones de los derechos humanos cometidos en la dictadura militar. En representaci\u00f3n de Cintras realiza varios viajes a Europa, participando en Congresos, Seminarios y conferencias de prensa, en los que daba cuenta de la represi\u00f3n pol\u00edtica extrema y su repercusi\u00f3n sobre la <span style=\"color: #ff99cc;\"><strong>Salud Mental<\/strong><\/span> en Chile. Participa en la firma de la Declaraci\u00f3n de Estambul (1992) que condena severamente a los m\u00e9dicos que participan en sesiones de tortura. Con el patrocinio de Cintras dirige un curso-taller para capacitar en la atenci\u00f3n de pacientes psiqui\u00e1tricos de baja complejidad a los equipos de salud de Atenci\u00f3n Primaria de la Regi\u00f3n del Maule.<\/span><\/p>\n\n\n\n<p><span style=\"color: #333333;\">En 1993 se reincorpora a la Facultad de Medicina de la Universidad de Chile. Con el grado de Profesor Asociado se integra al Departamento de Psiquiatr\u00eda y Salud Mental del Campus Sur dirigido por el Profesor Juan Marconi T.<\/span><\/p>\n\n\n\n<p><span style=\"color: #333333;\">Jefe del Servicio de Psiquiatr\u00eda del complejo hospitalario Barros Luco Trudeau (1994-1997), en el a\u00f1o 1994 inaugura la Unidad de Corta Estad\u00eda, centro de atenci\u00f3n cerrada de pacientes con patolog\u00eda psiqui\u00e1trica de alta complejidad. Sienta adem\u00e1s las bases para la creaci\u00f3n de un Hospital de D\u00eda, inaugurado el a\u00f1o 2000.<\/span><\/p>\n\n\n\n<div class=\"wp-block-image is-style-default\"><figure class=\"aligncenter size-full is-resized\"><a href=\"http:\/\/www.atrapasuenos.cl\/wp-content\/uploads\/2021\/12\/MARIO-VIDAL-2.jpg\"><img loading=\"lazy\" decoding=\"async\" src=\"http:\/\/www.atrapasuenos.cl\/wp-content\/uploads\/2021\/12\/MARIO-VIDAL-2.jpg\" alt=\"\" class=\"wp-image-1933\" width=\"307\" height=\"302\" srcset=\"https:\/\/qa.atrapasuenos.cl\/wp-content\/uploads\/2021\/12\/MARIO-VIDAL-2.jpg 538w, https:\/\/qa.atrapasuenos.cl\/wp-content\/uploads\/2021\/12\/MARIO-VIDAL-2-350x344.jpg 350w, https:\/\/qa.atrapasuenos.cl\/wp-content\/uploads\/2021\/12\/MARIO-VIDAL-2-300x295.jpg 300w, https:\/\/qa.atrapasuenos.cl\/wp-content\/uploads\/2021\/12\/MARIO-VIDAL-2-80x80.jpg 80w\" sizes=\"auto, (max-width: 307px) 100vw, 307px\" \/><\/a><\/figure><\/div>\n\n\n\n<p><span style=\"color: #333333;\">Director del Departamento de Psiquiatr\u00eda y <span style=\"color: #ff99cc;\"><strong>Salud Mental<\/strong><\/span> del Campus Sur de la Facultad de Medicina de la Universidad de Chile (2003-2006), ha ejercido su actividad docente principalmente como tutor de los becados de psiquiatr\u00eda de adultos en su primer a\u00f1o de formaci\u00f3n, examinando junto a ellos a los pacientes reci\u00e9n ingresados a la Unidad de Corta Estad\u00eda.<\/span><\/p>\n\n\n\n<div class=\"wp-block-columns is-layout-flex wp-container-core-columns-is-layout-1 wp-block-columns-is-layout-flex\">\n<div class=\"wp-block-column is-layout-flow wp-block-column-is-layout-flow\" style=\"flex-basis:100%\">\n<div class=\"wp-block-image is-style-default\"><figure class=\"aligncenter size-full is-resized\"><a href=\"http:\/\/www.atrapasuenos.cl\/wp-content\/uploads\/2021\/12\/MARIO-VIDAL-3.jpg\"><img loading=\"lazy\" decoding=\"async\" src=\"http:\/\/www.atrapasuenos.cl\/wp-content\/uploads\/2021\/12\/MARIO-VIDAL-3.jpg\" alt=\"\" class=\"wp-image-1934\" width=\"300\" height=\"269\" srcset=\"https:\/\/qa.atrapasuenos.cl\/wp-content\/uploads\/2021\/12\/MARIO-VIDAL-3.jpg 593w, https:\/\/qa.atrapasuenos.cl\/wp-content\/uploads\/2021\/12\/MARIO-VIDAL-3-350x313.jpg 350w, https:\/\/qa.atrapasuenos.cl\/wp-content\/uploads\/2021\/12\/MARIO-VIDAL-3-300x269.jpg 300w\" sizes=\"auto, (max-width: 300px) 100vw, 300px\" \/><\/a><\/figure><\/div>\n<\/div>\n<\/div>\n\n\n\n<p><span style=\"color: #333333;\">Jubila el a\u00f1o 2007 pero contin\u00faa realizando trabajo de tutor\u00eda ad-honorem en el mismo Campus Universitario. El a\u00f1o 2007 un grupo de ex-alumnos le otorga la medalla Philippe Pinel en reconocimiento de su labor docente.<\/span><\/p>\n\n\n\n<p><span style=\"color: #333333;\">Es autor de 4 libros: \u00abEl Hombre Inconcluso\u00bb, 1988; \u00abTemas de Psiquiatr\u00eda\u00bb, 1999; \u00abPara Leer a Jaspers\u00bb, 2003; \u00abPsiquiatr\u00eda Cl\u00ednica en la Unidad de Corta Estad\u00eda\u00bb, 2006.<\/span><\/p>\n\n\n\n<div class=\"wp-block-image is-style-default\"><figure class=\"aligncenter size-full\"><a href=\"http:\/\/www.atrapasuenos.cl\/wp-content\/uploads\/2021\/11\/DR-2.jpg\"><img loading=\"lazy\" decoding=\"async\" width=\"461\" height=\"512\" src=\"http:\/\/www.atrapasuenos.cl\/wp-content\/uploads\/2021\/11\/DR-2.jpg\" alt=\"\" class=\"wp-image-1693\" srcset=\"https:\/\/qa.atrapasuenos.cl\/wp-content\/uploads\/2021\/11\/DR-2.jpg 461w, https:\/\/qa.atrapasuenos.cl\/wp-content\/uploads\/2021\/11\/DR-2-350x389.jpg 350w, https:\/\/qa.atrapasuenos.cl\/wp-content\/uploads\/2021\/11\/DR-2-270x300.jpg 270w\" sizes=\"auto, (max-width: 461px) 100vw, 461px\" \/><\/a><figcaption>Dr. Mario Vidal Climent<\/figcaption><\/figure><\/div>\n","protected":false},"excerpt":{"rendered":"<p>Semblanza de un M\u00e9dico Psiquiatra Solidario Nuestro querido maestro e inspirador, el Dr. Mario Vidal Climent, naci\u00f3 en Santiago el 6 de enero de 1927, hijo de padres catalanes, \u00f1u\u00f1o\u00edno de por vida, es el tercero de cuatro hermanos. Realiza todos sus estudios preuniversitarios en el Instituto Ingl\u00e9s, colegio que en los a\u00f1os de secundaria desarrollaba un plan docente experimental [&hellip;]<\/p>\n","protected":false},"author":3,"featured_media":0,"parent":2,"menu_order":1,"comment_status":"closed","ping_status":"closed","template":"","meta":{"footnotes":""},"class_list":["post-239","page","type-page","status-publish","hentry"],"yoast_head":"<!-- This site is optimized with the Yoast SEO plugin v23.4 - https:\/\/yoast.com\/wordpress\/plugins\/seo\/ -->\n<title>Biograf\u00eda - Corporaci\u00f3n Atrapasue\u00f1os<\/title>\n<meta name=\"robots\" content=\"index, follow, max-snippet:-1, max-image-preview:large, max-video-preview:-1\" \/>\n<link rel=\"canonical\" href=\"https:\/\/qa.atrapasuenos.cl\/?page_id=239\" \/>\n<meta property=\"og:locale\" content=\"es_ES\" \/>\n<meta property=\"og:type\" content=\"article\" \/>\n<meta property=\"og:title\" content=\"Biograf\u00eda - Corporaci\u00f3n Atrapasue\u00f1os\" \/>\n<meta property=\"og:description\" content=\"Semblanza de un M\u00e9dico Psiquiatra Solidario Nuestro querido maestro e inspirador, el Dr. Mario Vidal Climent, naci\u00f3 en Santiago el 6 de enero de 1927, hijo de padres catalanes, \u00f1u\u00f1o\u00edno de por vida, es el tercero de cuatro hermanos. Realiza todos sus estudios preuniversitarios en el Instituto Ingl\u00e9s, colegio que en los a\u00f1os de secundaria desarrollaba un plan docente experimental [&hellip;]\" \/>\n<meta property=\"og:url\" content=\"https:\/\/qa.atrapasuenos.cl\/?page_id=239\" \/>\n<meta property=\"og:site_name\" content=\"Corporaci\u00f3n Atrapasue\u00f1os\" \/>\n<meta property=\"article:publisher\" content=\"https:\/\/www.facebook.com\/atrapasuenos.cl\" \/>\n<meta property=\"article:modified_time\" content=\"2021-12-01T12:02:14+00:00\" \/>\n<meta property=\"og:image\" content=\"http:\/\/www.atrapasuenos.cl\/wp-content\/uploads\/2021\/12\/MARIO-VIDAL-1.jpg\" \/>\n<meta name=\"twitter:card\" content=\"summary_large_image\" \/>\n<meta name=\"twitter:label1\" content=\"Tiempo de lectura\" \/>\n\t<meta name=\"twitter:data1\" content=\"5 minutos\" \/>\n<script type=\"application\/ld+json\" class=\"yoast-schema-graph\">{\"@context\":\"https:\/\/schema.org\",\"@graph\":[{\"@type\":\"WebPage\",\"@id\":\"https:\/\/qa.atrapasuenos.cl\/?page_id=239\",\"url\":\"https:\/\/qa.atrapasuenos.cl\/?page_id=239\",\"name\":\"Biograf\u00eda - Corporaci\u00f3n Atrapasue\u00f1os\",\"isPartOf\":{\"@id\":\"https:\/\/qa.atrapasuenos.cl\/#website\"},\"primaryImageOfPage\":{\"@id\":\"https:\/\/qa.atrapasuenos.cl\/?page_id=239#primaryimage\"},\"image\":{\"@id\":\"https:\/\/qa.atrapasuenos.cl\/?page_id=239#primaryimage\"},\"thumbnailUrl\":\"http:\/\/www.atrapasuenos.cl\/wp-content\/uploads\/2021\/12\/MARIO-VIDAL-1.jpg\",\"datePublished\":\"2011-08-24T03:21:12+00:00\",\"dateModified\":\"2021-12-01T12:02:14+00:00\",\"breadcrumb\":{\"@id\":\"https:\/\/qa.atrapasuenos.cl\/?page_id=239#breadcrumb\"},\"inLanguage\":\"es\",\"potentialAction\":[{\"@type\":\"ReadAction\",\"target\":[\"https:\/\/qa.atrapasuenos.cl\/?page_id=239\"]}]},{\"@type\":\"ImageObject\",\"inLanguage\":\"es\",\"@id\":\"https:\/\/qa.atrapasuenos.cl\/?page_id=239#primaryimage\",\"url\":\"http:\/\/www.atrapasuenos.cl\/wp-content\/uploads\/2021\/12\/MARIO-VIDAL-1.jpg\",\"contentUrl\":\"http:\/\/www.atrapasuenos.cl\/wp-content\/uploads\/2021\/12\/MARIO-VIDAL-1.jpg\"},{\"@type\":\"BreadcrumbList\",\"@id\":\"https:\/\/qa.atrapasuenos.cl\/?page_id=239#breadcrumb\",\"itemListElement\":[{\"@type\":\"ListItem\",\"position\":1,\"name\":\"Portada\",\"item\":\"https:\/\/qa.atrapasuenos.cl\/\"},{\"@type\":\"ListItem\",\"position\":2,\"name\":\"\u00bfQui\u00e9n es Dr. Mario Vidal Climent?\",\"item\":\"https:\/\/qa.atrapasuenos.cl\/?page_id=2\"},{\"@type\":\"ListItem\",\"position\":3,\"name\":\"Biograf\u00eda\"}]},{\"@type\":\"WebSite\",\"@id\":\"https:\/\/qa.atrapasuenos.cl\/#website\",\"url\":\"https:\/\/qa.atrapasuenos.cl\/\",\"name\":\"Corporaci\u00f3n Atrapasue\u00f1os\",\"description\":\"ILUMINA UNA VIDA, DONA SALUD MENTAL\",\"publisher\":{\"@id\":\"https:\/\/qa.atrapasuenos.cl\/#organization\"},\"potentialAction\":[{\"@type\":\"SearchAction\",\"target\":{\"@type\":\"EntryPoint\",\"urlTemplate\":\"https:\/\/qa.atrapasuenos.cl\/?s={search_term_string}\"},\"query-input\":{\"@type\":\"PropertyValueSpecification\",\"valueRequired\":true,\"valueName\":\"search_term_string\"}}],\"inLanguage\":\"es\"},{\"@type\":\"Organization\",\"@id\":\"https:\/\/qa.atrapasuenos.cl\/#organization\",\"name\":\"Corporaci\u00f3n Atrapasue\u00f1os\",\"url\":\"https:\/\/qa.atrapasuenos.cl\/\",\"logo\":{\"@type\":\"ImageObject\",\"inLanguage\":\"es\",\"@id\":\"https:\/\/qa.atrapasuenos.cl\/#\/schema\/logo\/image\/\",\"url\":\"http:\/\/www.atrapasuenos.cl\/wp-content\/uploads\/2021\/12\/GC_ATRAPASUENOS.png\",\"contentUrl\":\"http:\/\/www.atrapasuenos.cl\/wp-content\/uploads\/2021\/12\/GC_ATRAPASUENOS.png\",\"width\":300,\"height\":300,\"caption\":\"Corporaci\u00f3n Atrapasue\u00f1os\"},\"image\":{\"@id\":\"https:\/\/qa.atrapasuenos.cl\/#\/schema\/logo\/image\/\"},\"sameAs\":[\"https:\/\/www.facebook.com\/atrapasuenos.cl\",\"https:\/\/www.instagram.com\/atrapasuenos.corp\/\"]}]}<\/script>\n<!-- \/ Yoast SEO plugin. -->","yoast_head_json":{"title":"Biograf\u00eda - Corporaci\u00f3n Atrapasue\u00f1os","robots":{"index":"index","follow":"follow","max-snippet":"max-snippet:-1","max-image-preview":"max-image-preview:large","max-video-preview":"max-video-preview:-1"},"canonical":"https:\/\/qa.atrapasuenos.cl\/?page_id=239","og_locale":"es_ES","og_type":"article","og_title":"Biograf\u00eda - Corporaci\u00f3n Atrapasue\u00f1os","og_description":"Semblanza de un M\u00e9dico Psiquiatra Solidario Nuestro querido maestro e inspirador, el Dr. Mario Vidal Climent, naci\u00f3 en Santiago el 6 de enero de 1927, hijo de padres catalanes, \u00f1u\u00f1o\u00edno de por vida, es el tercero de cuatro hermanos. Realiza todos sus estudios preuniversitarios en el Instituto Ingl\u00e9s, colegio que en los a\u00f1os de secundaria desarrollaba un plan docente experimental [&hellip;]","og_url":"https:\/\/qa.atrapasuenos.cl\/?page_id=239","og_site_name":"Corporaci\u00f3n Atrapasue\u00f1os","article_publisher":"https:\/\/www.facebook.com\/atrapasuenos.cl","article_modified_time":"2021-12-01T12:02:14+00:00","og_image":[{"url":"http:\/\/www.atrapasuenos.cl\/wp-content\/uploads\/2021\/12\/MARIO-VIDAL-1.jpg"}],"twitter_card":"summary_large_image","twitter_misc":{"Tiempo de lectura":"5 minutos"},"schema":{"@context":"https:\/\/schema.org","@graph":[{"@type":"WebPage","@id":"https:\/\/qa.atrapasuenos.cl\/?page_id=239","url":"https:\/\/qa.atrapasuenos.cl\/?page_id=239","name":"Biograf\u00eda - Corporaci\u00f3n Atrapasue\u00f1os","isPartOf":{"@id":"https:\/\/qa.atrapasuenos.cl\/#website"},"primaryImageOfPage":{"@id":"https:\/\/qa.atrapasuenos.cl\/?page_id=239#primaryimage"},"image":{"@id":"https:\/\/qa.atrapasuenos.cl\/?page_id=239#primaryimage"},"thumbnailUrl":"http:\/\/www.atrapasuenos.cl\/wp-content\/uploads\/2021\/12\/MARIO-VIDAL-1.jpg","datePublished":"2011-08-24T03:21:12+00:00","dateModified":"2021-12-01T12:02:14+00:00","breadcrumb":{"@id":"https:\/\/qa.atrapasuenos.cl\/?page_id=239#breadcrumb"},"inLanguage":"es","potentialAction":[{"@type":"ReadAction","target":["https:\/\/qa.atrapasuenos.cl\/?page_id=239"]}]},{"@type":"ImageObject","inLanguage":"es","@id":"https:\/\/qa.atrapasuenos.cl\/?page_id=239#primaryimage","url":"http:\/\/www.atrapasuenos.cl\/wp-content\/uploads\/2021\/12\/MARIO-VIDAL-1.jpg","contentUrl":"http:\/\/www.atrapasuenos.cl\/wp-content\/uploads\/2021\/12\/MARIO-VIDAL-1.jpg"},{"@type":"BreadcrumbList","@id":"https:\/\/qa.atrapasuenos.cl\/?page_id=239#breadcrumb","itemListElement":[{"@type":"ListItem","position":1,"name":"Portada","item":"https:\/\/qa.atrapasuenos.cl\/"},{"@type":"ListItem","position":2,"name":"\u00bfQui\u00e9n es Dr. Mario Vidal Climent?","item":"https:\/\/qa.atrapasuenos.cl\/?page_id=2"},{"@type":"ListItem","position":3,"name":"Biograf\u00eda"}]},{"@type":"WebSite","@id":"https:\/\/qa.atrapasuenos.cl\/#website","url":"https:\/\/qa.atrapasuenos.cl\/","name":"Corporaci\u00f3n Atrapasue\u00f1os","description":"ILUMINA UNA VIDA, DONA SALUD MENTAL","publisher":{"@id":"https:\/\/qa.atrapasuenos.cl\/#organization"},"potentialAction":[{"@type":"SearchAction","target":{"@type":"EntryPoint","urlTemplate":"https:\/\/qa.atrapasuenos.cl\/?s={search_term_string}"},"query-input":{"@type":"PropertyValueSpecification","valueRequired":true,"valueName":"search_term_string"}}],"inLanguage":"es"},{"@type":"Organization","@id":"https:\/\/qa.atrapasuenos.cl\/#organization","name":"Corporaci\u00f3n Atrapasue\u00f1os","url":"https:\/\/qa.atrapasuenos.cl\/","logo":{"@type":"ImageObject","inLanguage":"es","@id":"https:\/\/qa.atrapasuenos.cl\/#\/schema\/logo\/image\/","url":"http:\/\/www.atrapasuenos.cl\/wp-content\/uploads\/2021\/12\/GC_ATRAPASUENOS.png","contentUrl":"http:\/\/www.atrapasuenos.cl\/wp-content\/uploads\/2021\/12\/GC_ATRAPASUENOS.png","width":300,"height":300,"caption":"Corporaci\u00f3n Atrapasue\u00f1os"},"image":{"@id":"https:\/\/qa.atrapasuenos.cl\/#\/schema\/logo\/image\/"},"sameAs":["https:\/\/www.facebook.com\/atrapasuenos.cl","https:\/\/www.instagram.com\/atrapasuenos.corp\/"]}]}},"_links":{"self":[{"href":"https:\/\/qa.atrapasuenos.cl\/index.php?rest_route=\/wp\/v2\/pages\/239","targetHints":{"allow":["GET"]}}],"collection":[{"href":"https:\/\/qa.atrapasuenos.cl\/index.php?rest_route=\/wp\/v2\/pages"}],"about":[{"href":"https:\/\/qa.atrapasuenos.cl\/index.php?rest_route=\/wp\/v2\/types\/page"}],"author":[{"embeddable":true,"href":"https:\/\/qa.atrapasuenos.cl\/index.php?rest_route=\/wp\/v2\/users\/3"}],"replies":[{"embeddable":true,"href":"https:\/\/qa.atrapasuenos.cl\/index.php?rest_route=%2Fwp%2Fv2%2Fcomments&post=239"}],"version-history":[{"count":15,"href":"https:\/\/qa.atrapasuenos.cl\/index.php?rest_route=\/wp\/v2\/pages\/239\/revisions"}],"predecessor-version":[{"id":1935,"href":"https:\/\/qa.atrapasuenos.cl\/index.php?rest_route=\/wp\/v2\/pages\/239\/revisions\/1935"}],"up":[{"embeddable":true,"href":"https:\/\/qa.atrapasuenos.cl\/index.php?rest_route=\/wp\/v2\/pages\/2"}],"wp:attachment":[{"href":"https:\/\/qa.atrapasuenos.cl\/index.php?rest_route=%2Fwp%2Fv2%2Fmedia&parent=239"}],"curies":[{"name":"wp","href":"https:\/\/api.w.org\/{rel}","templated":true}]}}